lculate the highest common factor of 874 and 7452.
46
What is the highest common divisor of 8 and 299976?
8
What is the highest common factor of 140 and 10262?
14
Calculate the greatest common divisor of 7780 and 480.
20
Calculate the highest common divisor of 176100 and 180.
60
Calculate the highest common factor of 274380 and 136.
68
What is the greatest common divisor of 621 and 302013?
207
Calculate the greatest common divisor of 580868 and 76.
76
What is the highest common factor of 3190 and 103070?
110
Calculate the greatest common divisor of 3262 and 5359.
233
Calculate the highest common factor of 43826 and 34.
34
What is the highest common factor of 1429845 and 5?
5
What is the greatest common factor of 81 and 375588?
9
What is the highest common divisor of 130653 and 81?
81
What is the highest common divisor of 7140 and 26880?
420
What is the highest common divisor of 14554 and 267334?
766
Calculate the highest common factor of 99 and 7547331.
33
What is the highest common factor of 42 and 179193?
21
What is the highest common factor of 248 and 12?
4
Calculate the highest common divisor of 35 and 10570.
35
Calculate the greatest common factor of 210 and 2268070.
70
Calculate the greatest common divisor of 498800 and 172.
172
Calculate the greatest common factor of 9991 and 2.
1
Calculate the greatest common factor of 31768 and 15466.
418
Calculate the greatest common divisor of 4 and 19616.
4
What is the greatest common divisor of 323120 and 400?
80
Calculate the greatest common divisor of 4310 and 180.
10
Calculate the greatest common divisor of 302985 and 180.
45
What is the greatest common divisor of 18 and 459966?
6
What is the greatest common factor of 3878 and 5026?
14
Calculate the greatest common divisor of 15275 and 9.
1
Calculate the greatest common factor of 1053 and 26988.
39
What is the highest common factor of 189995 and 7505?
395
Calculate the greatest common factor of 120 and 40008.
24
Calculate the greatest common factor of 381 and 4272153.
381
What is the greatest common divisor of 1440 and 8145?
45
What is the greatest common divisor of 3236118 and 114?
114
Calculate the highest common factor of 7467 and 13224.
57
Calculate the greatest common divisor of 1748317 and 1929.
643
What is the greatest common factor of 9513606 and 318?
318
What is the highest common factor of 7425 and 1000?
25
Calculate the highest common divisor of 102 and 31433.
17
Calculate the highest common factor of 718 and 26.
2
Calculate the greatest common divisor of 12080 and 2567.
151
Calculate the greatest common divisor of 14 and 25487.
7
What is the greatest common divisor of 17679 and 21513?
213
Calculate the highest common divisor of 451497 and 57.
57
What is the highest common divisor of 330 and 456126?
66
What is the highest common factor of 39515 and 35?
35
What is the greatest common divisor of 1233 and 801039?
411
Calculate the greatest common divisor of 84 and 609462.
42
Calculate the greatest common factor of 39 and 82407.
39
Calculate the greatest common divisor of 997157 and 3412.
853
Calculate the highest common factor of 165360 and 65.
65
Calculate the greatest common factor of 6960 and 1520.
80
What is the highest common divisor of 63567 and 63?
63
What is the greatest common factor of 48 and 7848?
24
What is the highest common factor of 136184 and 232?
232
What is the greatest common factor of 35 and 7425?
5
Calculate the greatest common factor of 2313 and 12079.
257
Calculate the highest common divisor of 13 and 208338.
13
Calculate the greatest common factor of 8608 and 1614.
538
What is the greatest common factor of 54 and 31698?
54
What is the greatest common factor of 57488 and 80?
16
What is the greatest common divisor of 846 and 882?
18
Calculate the highest common factor of 41 and 1254.
1
Calculate the highest common factor of 322 and 1456084.
322
What is the highest common factor of 63120 and 15?
15
Calculate the highest common factor of 9 and 320922.
9
What is the greatest common factor of 113030 and 20?
10
What is the highest common divisor of 738 and 1364562?
738
Calculate the greatest common factor of 64611 and 18.
9
What is the highest common factor of 99 and 162569?
11
Calculate the greatest common factor of 9468 and 225.
9
What is the highest common divisor of 123344 and 624?
208
What is the highest common divisor of 111 and 2219001?
111
Calculate the greatest common factor of 459 and 2139642.
27
Calculate the greatest common divisor of 4236580 and 235.
235
Calculate the highest common factor of 821267 and 314.
157
What is the highest common factor of 384485 and 20960?
655
What is the greatest common factor of 13520 and 141310?
130
Calculate the greatest common divisor of 64433 and 4.
1
Calculate the highest common divisor of 442408 and 680.
136
What is the greatest common factor of 378 and 54894?
42
Calculate the greatest common factor of 4041 and 1944.
9
What is the highest common factor of 820 and 49480?
20
What is the greatest common factor of 58 and 58580?
58
Calculate the highest common factor of 77 and 7.
7
What is the highest common divisor of 39058 and 354?
118
Calculate the highest common factor of 979141 and 489.
163
Calculate the highest common divisor of 96957 and 399.
399
Calculate the greatest common divisor of 7567 and 220101.
329
Calculate the highest common factor of 1754480 and 280.
280
What is the highest common divisor of 40014 and 585?
117
Calculate the highest common divisor of 616 and 506.
22
What is the highest common divisor of 14912 and 1984?
64
What is the greatest common divisor of 10752 and 105?
21
What is the highest common divisor of 124163 and 52?
13
What is the greatest common divisor of 128 and 24992?
32
Calculate the greatest common factor of 23641 and 2209.
47
Calculate the highest common divisor of 480 and 86720.
160
What is the greatest common divisor of 19359 and 2619?
27
Calculate the greatest common factor of 570 and 2145765.
285
Calculate the greatest common factor of 8624 and 1584.
176
What is the greatest common factor of 111687 and 4071?
177
Calculate the greatest common divisor of 47145 and 1365.
105
Calculate the greatest common factor of 124 and 9238.
62
Calculate the greatest common divisor of 4026 and 5478.
66
What is the greatest common factor of 171 and 1125351?
171
Calculate the greatest common divisor of 1541440 and 320.
320
Calculate the greatest common factor of 2947 and 1799.
7
What is the highest common factor of 100 and 16900?
100
Calculate the greatest common divisor of 31 and 686743.
31
Calculate the highest common divisor of 5130 and 242730.
270
Calculate the highest common divisor of 231 and 303765.
231
Calculate the highest common factor of 430 and 215.
215
What is the greatest common divisor of 29826 and 810?
18
Calculate the greatest common factor of 47 and 1960699.
47
Calculate the greatest common divisor of 187686 and 36.
18
Calculate the highest common divisor of 25040 and 36880.
80
Calculate the greatest common divisor of 58 and 1156.
2
What is the greatest common divisor of 441 and 6713?
49
What is the highest common divisor of 82229 and 6188?
119
Calculate the greatest common divisor of 164 and 3688524.
164
What is the highest common divisor of 20602 and 2?
2
What is the highest common factor of 176 and 4336?
16
What is the greatest common divisor of 209 and 1612568?
19
Calculate the highest common divisor of 3413388 and 20064.
2508
What is the greatest common divisor of 2957635 and 190?
95
Calculate the highest common factor of 690 and 6400.
10
Calculate the highest common factor of 185 and 831020.
185
Calculate the highest common divisor of 62998 and 52.
26
What is the highest common factor of 9682 and 1269?
47
What is the highest common factor of 95 and 23085?
95
What is the highest common factor of 945 and 140?
35
What is the greatest common divisor of 110 and 23716?
22
Calculate the highest common divisor of 47536 and 48.
16
Calculate the highest common divisor of 1450 and 77300.
50
What is the greatest common divisor of 12 and 233907?
3
Calculate the highest common factor of 3840872 and 214.
214
Calculate the highest common factor of 1576512 and 36.
36
What is the greatest common factor of 17111 and 142?
71
Calculate the highes